t m be ((-16)/(-3))/4*18. Let l = -23 + m. What is the units digit of (-295)/(-20) + l/4?
5
What is the thousands digit of (-7)/(17 - 24) + 1567/1?
1
Suppose -2*l = -0*l - 6. Suppose l*q = s - 26 - 34, -4*s - 5*q = -206. What is the units digit of s?
4
Let t = 1092 - 31. What is the tens digit of t?
6
Let b(x) = 39*x**3 - 2*x**2 - 3*x - 4. Let n be b(-2). Let l be n/(-15) + 2/(-10). What is the units digit of ((-18)/15)/(l/(-280))?
6
Let r be 1/(-3 - 52/(-18)). Let d be 2 + 0 - (r - -8). Suppose 0 = d*n + n - 28. What is the units digit of n?
7
Let v(z) = -199*z + 254. What is the thousands digit of v(-6)?
1
Let o(y) = -y**3 - 7*y**2 - 11*y - 2. Let b be o(-5). Suppose -k + 0*k = b*r - 194, -2*k + 3*r + 370 = 0. What is the tens digit of k?
8
Let g(t) = -300*t + 2. Let u be g(2). What is the units digit of u/(-14) - 20/(-70)?
3
Let r = -34 - -34. Let p(w) be the third derivative of -w**4/12 + 9*w**3/2 - w**2. What is the units digit of p(r)?
7
Let z(y) = -4*y**3 + 6*y**2 + 26*y - 14. What is the units digit of z(-6)?
0
Suppose 0 = 122*s - 118*s. Suppose 3*a - 351 - 63 = s. What is the tens digit of a?
3
Let p(i) = i**3 - 29*i**2 + 34*i - 68. Let r be p(28). Suppose -5*x - 175 = -420. Let q = r - x. What is the tens digit of q?
5
Suppose -3*h - 15 = -p, 0*h - 3*h - 15 = p. Let m be 7/3 + h/15. Suppose 16 + 12 = m*t. What is the units digit of t?
4
Let d = -18 + 20. Suppose -4*u + d*w = -252, -u = 3*u - 5*w - 258. What is the tens digit of u?
6
Suppose 0 = -13*b + 17*b - 3*h - 3716, -4*h - 916 = -b. What is the tens digit of b?
3
Suppose 2*u - 2*n = 4, 5*u - 13 + 3 = -5*n. Let v be 64/u - 8/(-2). Suppose 4*x = -k + 3*x + v, -4*k + 3*x + 137 = 0. What is the units digit of k?
5
Let i be (21/6 - 3)*10. Suppose 3*j - 445 = 4*s, -3*j + 0*j + i*s + 449 = 0. What is the units digit of j?
3
Let p(z) = z**3 - z**2 - 5*z + 2. Let o be p(3). Suppose -3*g = 2*s - 0*g - 114, o*s - 5*g - 310 = 0. What is the units digit of 1425/s - 6/8?
3
Let u be (-27)/(-6) + (-6)/4. Suppose 5*a + 6 = u*y + 185, 0 = -5*a - 25. What is the units digit of (y/(-51))/(2/27)?
8
Let v(w) = 157*w**3 - 134*w**2 + 4*w - 5. What is the thousands digit of v(3)?
3
Let b(t) = -4*t + 16. Suppose -11 = v + 4. Let x be b(v). Suppose -4*r + 26 = w - 0*r, -2*w + x = 2*r. What is the units digit of w?
2
Suppose -5*s + 5*t + 275 = 0, -3*s = -6*t + 2*t - 160. Suppose -2 - 2 = -2*r. Suppose -r*h = 4 - s. What is the units digit of h?
8
Let r = 4 - -1. Let v be ((-72)/30)/(1/r). Let g = 34 + v. What is the tens digit of g?
2
Let o = 214 - 64. What is the units digit of o?
0
Let z = 1081 - 779. What is the tens digit of z?
0
Suppose -5*q + 5*u + 25 = 0, 4 = -2*u - 4. What is the tens digit of q/(4/6 - (-188)/(-288))?
7
Suppose 4*o - 2*l - 6400 = 0, -o - 31*l = -29*l - 1595. What is the thousands digit of o?
1
Suppose -4*x + 10 = -k, -3*x - k = k - 13. Let w = -130 - -136. Suppose 144 = w*d - x*d. What is the tens digit of d?
4
Let n be 10/(-14) + (-4)/14. Let y(m) = m + 9. Let c be y(-6). Let o = n + c. What is the units digit of o?
2
Let q = 311 - 177. What is the tens digit of 2 + 3 + -2 + q?
3
What is the hundreds digit of ((-2612)/3)/((-12)/9)?
6
Let x(z) = 2*z**3 - 45*z**2 + 46*z + 36. What is the units digit of x(23)?
3
Let v be -1*57 + 6 + -4. What is the units digit of (-3)/(3/v) - 3?
2
Suppose 0 = -4*s + 43 + 13. Suppose s*j = 17*j - 288. What is the units digit of j?
6
Let a(y) = -62*y. What is the tens digit of a(-21)?
0
Suppose -14*d + 308 = -18*d. Let r = d + 177. What is the units digit of r?
0
Suppose 3*g + 15 = c, 0 = 2*g - 3*g + 3. Let p = 1 + c. Suppose h + p = 26. What is the units digit of h?
1
Suppose 0 = -o - 2*k - 3*k + 1771, -o + 1769 = 3*k. What is the units digit of o?
6
Let h = 94 + -16. Let x = h - 45. Suppose -22 - x = -5*l. What is the units digit of l?
1
Let p(o) = 168*o - 85. What is the hundreds digit of p(6)?
9
Suppose 0 = 7*u - 4*u. Suppose u = 4*i + 113 - 349. What is the tens digit of i?
5
Let z = 4107 + -637. What is the hundreds digit of z?
4
Let r = 16 + 93. Suppose o - 2*c = 37, c + r = 2*o + 23. What is the units digit of o?
5
Let o(g) = g**3 + 4*g**2 + 10*g - 33. What is the hundreds digit of o(14)?
6
Suppose -5*t - 613 + 198 = -2*p, -4*t - 3*p = 332. Let w = 158 + t. What is the units digit of w?
5
Let t(z) = -7*z - 4. Let v(r) = -4*r**3 - 2*r**2 + 1. Let o be -1*(-3)/((-6)/(-2)). Let s be v(o). What is the units digit of t(s)?
1
Let s(w) = 2*w. Let r be s(6). Let t = -10 + 27. Let i = t - r. What is the units digit of i?
5
Let t = -10 + 29. Suppose -18*h + t*h - 4 = 0. What is the units digit of h?
4
Suppose 4*h + 0 = 2*v - 24, 0 = 2*v - 2*h - 22. Suppose v*m = 6*m + 172. What is the tens digit of m?
4
Let m = -409 - -430. Let p(z) = -z**3 + 7*z**2 - 5*z - 6. Let i be p(6). Suppose q - 13 - m = i. What is the tens digit of q?
3
Suppose 0 = -l - 34 + 39. What is the tens digit of (-3)/l - (-9741)/85?
1
Let m(c) be the third derivative of -c**6/60 - 7*c**5/60 - c**4/6 - 4*c**2. Let d = -19 + 15. What is the units digit of m(d)?
2
Suppose 4 = -2*z - 0*z, 4*z = -4*k. Suppose -5*x - 4 - 11 = 0. What is the units digit of x/((-5)/(-3) - k)?
9
Let v = -84 + 124. Let j = 84 - v. What is the tens digit of j?
4
Let g be 51/15 - (-2)/(-5). Suppose -4*p - 40 = -g*l, 3*p + 3 + 9 = 0. What is the units digit of l?
8
Let f be (651/(-28))/((-3)/8). Suppose 3*o = 1 + f. Let i = o - -3. What is the units digit of i?
4
Suppose -9*y - 3 = -21. Suppose s = y*s + 2*i - 196, 4*s + 5*i = 796. What is the tens digit of s?
0
Suppose -2*g + 3509 = 5*f, 2727 + 785 = 2*g + 4*f. What is the thousands digit of g?
1
Let j(f) = -89*f - 616. What is the tens digit of j(-49)?
4
Suppose -3*v + 3 = 4*u + 1, -3*v = -3*u + 12. Let i be 9/(u - (-68)/(-40)). What is the units digit of 24/(-180) + 694/i?
3
Let i(b) = -88*b**3 + b**2 + 6*b - 7. Let x be i(2). What is the units digit of x/(-7) - (16/7 - 2)?
9
Suppose -3*p + 0*p - 4 = -k, 0 = -5*p - 2*k + 8. Suppose p = -y + 5*y - 120. What is the units digit of y?
0
Let s(q) = q**3 - 36*q**2 + 15*q + 69. What is the tens digit of s(37)?
9
Let v(i) = i**2 + 4*i. Let c be v(10). Suppose c = 63*s - 59*s. What is the tens digit of s?
3
Let j be (0 - 69)/(-3) + 2. Let r = j - -18. Suppose -o + r - 11 = -v, 4*o = v + 122. What is the units digit of o?
0
Suppose 13*n + 2573 = 5*l + 14*n, -2*l + n + 1025 = 0. What is the units digit of l?
4
Let y(u) = u**2 + 6*u - 9. Let t be y(-9). Suppose 70 = j + t. What is the units digit of j?
2
Let i(v) = 2*v**2 + 2. Let c be i(2). Let y = -20 + c. Let q(f) = f**2 + 4*f - 12. What is the tens digit of q(y)?
4
Suppose -2*q + 572 = -2*j, -j - 5*q = -3*q + 286. Let h = 487 + j. What is the tens digit of h?
0
Let c(k) = k**3 + k**2 - k + 9. Let t be c(5). Let y = 296 - t. What is the units digit of y?
2
What is the tens digit of (2 - 0) + 3 - -211*1?
1
Let k(b) = -b**2 - b - 2. Let q be k(2). Let r(t) = -t**3 - 8*t**2 - 5*t + 9. What is the units digit of r(q)?
9
Suppose 5*f - 4*f + a = 61, -f + 5*a = -31. Let q = -18 + f. What is the units digit of 7/28 - q/(-8)?
5
Let y(i) = 2*i**3 + 2*i**2 - 5*i. Suppose 5*d = -d + 24. What is the tens digit of y(d)?
4
Let h = 0 - 5. Let y(j) be the first derivative of j**4/4 + 2*j**3 - 3*j**2/2 + 2*j - 21. What is the units digit of y(h)?
2
Let p be ((-7)/((-14)/13))/((-1)/(-4)). Let t = -24 + p. What is the units digit of t?
2
Let j be 277 + 1 - (3 + -1). Let p be 4/(-30) + j/45. Suppose p*s - s = 15. What is the units digit of s?
3
Suppose 2*j + 2*n = 20, -5*j + 12 = 3*n - 38. Let f be 2190/75 + (-2)/j. Let m = 43 - f. What is the tens digit of m?
1
Let h(x) = -x**3 + 18*x**2 + 20*x - 18. Let j be h(19). What is the units digit of ((-120)/(-45))/((-4)/6 + j)?
8
Suppose u + q = -2, -2*q = -4*u - 0*u - 26. Let w(s) = -s**3 - 4*s**2 + 4*s - 1. Let h be w(u). Suppose 41 = h*y - 67. What is the units digit of y?
7
Let z(o) = o**3 + 4*o**2 - 8*o + 12. Let l be z(-5). What is the tens digit of 4396/18 + (-6)/l?
4
Let o be 26*5/25*5. Suppose -o*j = -9*j - 1649. What is the units digit of j?
7
Suppose 0 = -2*u + 3*n + 601, -4*n + 163 = -3*u + 1063. What is the hundreds digit of u?
2
What is the tens digit of 1103/17 - 70/(-595)?
6
Let a = -21 - -23. Let r = a + 41. Let y = 73 - r. Wh